e the remainder when c is divided by (-73)/(-3) - (-10)/15.
23
Suppose 92 = 3*n + 8. What is the remainder when n is divided by 10?
8
Suppose 2*d = -3*d - 5. What is the remainder when 3 is divided by 3 + (d - 0) - 0?
1
Suppose -4*p = -107 - 49. Calculate the remainder when p is divided by 2/5*(23 - -2).
9
Let d be ((-30)/(-12))/(2/4). Suppose 63 = 2*z + d*t, 3*z = -4*t + t + 72. Suppose 2*b = -b + 30. What is the remainder when z is divided by b?
9
Let g = 23 - 19. What is the remainder when 7 is divided by g?
3
Suppose -2*s + 3*j + 153 = 0, -3*s + j + 220 = 6*j. What is the remainder when s is divided by 27?
21
Let u = 15 - 13. Suppose 0 = -u*r + r + 2. Suppose 0 = -2*c + 5 - 3. What is the remainder when r is divided by c?
0
Let u(d) be the first derivative of d**2/2 + 16*d + 1. Calculate the remainder when u(-8) is divided by 3.
2
Let f(d) = d**2 + d + 13. Let m(a) = a**2 + 2*a - 1. Suppose 2*q = 1 + 3. What is the remainder when f(0) is divided by m(q)?
6
Let s(h) = -2*h + 5. Calculate the remainder when s(-8) is divided by 1*-2 - (-5 + -3).
3
Let s(c) = -c - 14. Let t be s(-9). Let z = 9 + t. Suppose b - z*b = -6. Calculate the remainder when 2 is divided by b.
0
Suppose a - 3*w - 14 = 0, 0*a + w = 4*a - 1. Calculate the remainder when ((-156)/(-5 - a))/1 is divided by 10.
9
Suppose -2*l - 72 = -5*l. Let m = l - 17. Let y(q) = q**2 - 2*q + 3. Calculate the remainder when m is divided by y(2).
1
What is the remainder when 2 + 53 + 5 + -3 is divided by 15?
12
Let q(p) be the first derivative of 3*p**2/2 - 6*p + 1. What is the remainder when (-2)/(-4) + 171/6 is divided by q(7)?
14
Calculate the remainder when 96/(-16)*(-2 - (-30)/(-4)) is divided by 12.
9
Let c(g) = 3*g**2 - 6*g + 6. Let s(p) = p**2 + p + 4. Let r be s(0). What is the remainder when c(r) is divided by 16?
14
Suppose -j - 19 = -3*a, 0 = 4*a + 2*j - 9 - 3. Calculate the remainder when ((-27)/6)/((-1)/2) is divided by a.
4
Suppose -5*a - 15 = 2*h + 27, 0 = -2*a. Let v = 3 - h. Let r = 35 + v. What is the remainder when r is divided by 20?
19
Let l = 15 - 9. Suppose -2*o = -l*o + 232. What is the remainder when o is divided by 15?
13
Suppose d = 5*n - 25, 5*n - 3*d = 4*n - 9. Let r(t) = t**2 + 13*t + 3. What is the remainder when r(-14) is divided by n?
5
Let m(v) be the first derivative of -v**4/4 + 11*v**3/3 + 15*v**2/2 - 7*v - 1. What is the remainder when m(12) is divided by 15?
14
Suppose -38 = 15*i - 383. Calculate the remainder when 87 is divided by i.
18
Let o(h) = h**2 - 4*h - 3. Let k be o(4). Let d = 2 - 16. What is the remainder when 19 is divided by 1*k/(6/d)?
5
Let s be (2/(-4))/((-2)/16). Suppose -3*c + 72 = -s*o, -6 = -4*c - o + 71. What is the remainder when c is divided by 11?
9
Let x(g) = -g**2 + 9*g - 5. Let k be (5/5)/(1/6). Suppose -3*p = -2*o + 85, 39 = 3*o - 3*p - 84. What is the remainder when o is divided by x(k)?
12
Suppose 2*r - 831 - 801 = 0. Let y be 12/(-66) - r/(-11). Suppose -4*l + y = -14. What is the remainder when 64 is divided by l?
20
What is the remainder when (-2)/10 + (-2093)/(-65) is divided by 17?
15
Calculate the remainder when (7 - 4)/(-3) - -38 is divided by 8.
5
Suppose 39*t = 35*t + 716. Calculate the remainder when t is divided by 60.
59
What is the remainder when ((-36)/(-7))/(54/252) is divided by 9?
6
Suppose 3*d - 38 = -2*l, 34 = 5*d + l - 27. Suppose -10*b + d*b - 12 = 0. Calculate the remainder when 9 is divided by b.
3
Suppose -14 = -3*f + 16. Let k = 11 - 8. Calculate the remainder when f is divided by k.
1
Suppose 0 = -2*j + 8 + 2. Suppose 0 = j*g - 2*g - 6. Suppose -4 = -g*u + 6. Calculate the remainder when u is divided by 3.
2
Let t(c) = -c**3 + 10*c**2 + 4*c + 14. Calculate the remainder when 155 is divided by t(10).
47
Let s(o) = -o + 8. Calculate the remainder when s(-5) is divided by 4.
1
Let o = 8 + -4. What is the remainder when 14*(4 + (-5)/10) is divided by (34/(-3))/(o/(-6))?
15
Suppose 0 = -3*k - 2*k. Suppose k = -5*m - 3*r + 264, 6*r - 3*r = -6. What is the remainder when m is divided by 19?
16
Let d = -54 + 85. Calculate the remainder when 92 is divided by d.
30
What is the remainder when (5/((-90)/(-12)))/((-4)/(-162)) is divided by -3 - -13*(-2)/(-2)?
7
Suppose i - 255 = -4*i. Calculate the remainder when i is divided by 9.
6
Let w(a) = a**2 + 6*a + 6. Let o be w(-5). Suppose o + 15 = t. Let c = -86 + 92. Calculate the remainder when t is divided by c.
4
Suppose -5*w - 2*s - 3*s = -180, w - 51 = -4*s. Calculate the remainder when 121 is divided by w.
28
Suppose -3 = -3*n, 0 = 4*x - 0*n - n - 39. Let l(g) = -g**2 + 11*g - 11. Let w be l(x). Let r = 2 - w. What is the remainder when 7 is divided by r?
1
Suppose -5*g = -5*z - 502 - 98, 4*g + 3*z - 459 = 0. Let p = g - 76. Let w(k) = -11*k - 1. Calculate the remainder when p is divided by w(-2).
20
Suppose 0 = 5*s + 2*d - 12, 3*s + 2*s = 5*d + 40. Suppose -s*j + 2*j = -12. Let y(g) = 2*g - 6. Calculate the remainder when y(j) is divided by 4.
2
Suppose 3*b - t = -b + 118, 23 = b + 3*t. Suppose 2*k = 6*k - 60. What is the remainder when b is divided by k?
14
Let b = 562 - 391. What is the remainder when b is divided by 44?
39
Suppose 0 = -3*y - 45 - 18. Let p = -13 + y. Let g = p - -56. What is the remainder when g is divided by 8?
6
Let r be 252/30 - 2/5. Let i = -3 + r. Calculate the remainder when i is divided by 2.
1
Let j = 8 + -5. Let c be 26/(j*3/36). Suppose 5*u = 2*b + c, 0*u + 3*u - 3*b - 66 = 0. Calculate the remainder when 59 is divided by u.
19
Calculate the remainder when 31 is divided by ((-17)/2)/((-1)/2).
14
Suppose 0*a = 4*s + 4*a + 160, 0 = 5*s - 5*a + 170. Let k = 61 + s. Calculate the remainder when k is divided by 13.
11
Let s = -3 + 42. Let w(p) = p**2 - 9*p - 12. Let t be 13 - (1 - (-1 - 0)). Calculate the remainder when s is divided by w(t).
9
Let f = -145 - -230. What is the remainder when f is divided by 22?
19
Let x be -15 - 1 - (1 - 0). Let v = x - -26. Suppose 2*q + v = 29. Calculate the remainder when 28 is divided by q.
8
Let h(u) = u**3 + 2*u**2 + 2*u - 3. What is the remainder when h(5) is divided by 37?
34
Let i(c) = -2*c**2 - 15*c - 4. Let x be (-404)/2*1/(-2). Suppose w + 4*q = 4*w - x, -2*w - 3*q + 39 = 0. What is the remainder when w is divided by i(-6)?
13
Let m(n) be the first derivative of -n**2/2 - 2*n + 7. Let u = -2 + 4. What is the remainder when m(-7) is divided by u?
1
Suppose 6*l + 13 - 79 = 0. Calculate the remainder when l is divided by 7.
4
Let r(j) = -j - 1. Let f be r(-3). Let l = 18 - f. What is the remainder when 30 is divided by l?
14
Let v = -59 - -69. What is the remainder when 39 is divided by v?
9
Suppose 0*z + z = 0. Suppose 3*m = -z*m + 42. Calculate the remainder when 25 is divided by m.
11
Let z = 14 + -10. Suppose -q + z = -2*l, -l - 29 = -5*q - 0*l. Let y(w) = w**2 + 3*w. Calculate the remainder when y(-5) is divided by q.
4
Suppose -2*r = 2*f - 10, 1 = 3*r - 4*r - 4*f. What is the remainder when 24 is divided by r?
3
Suppose -40 = -5*t - 4*j, 5*t + 5*j - 25 - 15 = 0. Calculate the remainder when 31 is divided by t.
7
Let r be 2/(-4) + (-14)/(-4). Let g(f) = -f + 4. Let s be g(r). What is the remainder when s/3*(8 + -2) is divided by 2?
0
Let y be (-746)/(-6) - (-1)/(-3). Let f be 0 - 5/((-20)/(-348)). Let z = y + f. Calculate the remainder when z is divided by 13.
11
Suppose -4*d + 2*w + 616 = 0, 4*w = 2*d - 5*d + 473. Calculate the remainder when d is divided by 39.
38
Let c(j) = j**3 + 5*j**2 - 4*j + 4. Let l be c(-6). Let s(u) = -u**2 - 12*u - 7. Calculate the remainder when 74 is divided by s(l).
24
Calculate the remainder when 0 - -41 - (5 - 4) is divided by 21.
19
Suppose 724 = 17*u - 126. Calculate the remainder when u is divided by 7.
1
What is the remainder when (-54)/(-8)*(-4)/(-1) is divided by 7?
6
Let h(i) = -11*i - 33. What is the remainder when 129 is divided by h(-6)?
30
Let c = 43 - 31. Calculate the remainder when 21 is divided by c.
9
Suppose -2*p = -6, 34 = 5*a + p - 14. Suppose -5 = 4*q - 17. What is the remainder when a is divided by q?
0
Suppose 5 + 1 = 2*l. What is the remainder when l is divided by 3?
0
Suppose -4*l - 5*c = -16, 0 = 4*l + c - 15 - 1. Suppose -25 = 5*x, -l*k + 19 + 14 = 3*x. Calculate the remainder when 22 is divided by k.
10
Suppose 4*s + 12 = 0